 is the units digit of ((-14)/10)/((-417)/q - 4)?
9
Suppose -3*m + 0*m = -5*m. Suppose 2*s - 12*d + 16*d - 8 = 0, -3*s - 3*d + 9 = m. Suppose -165 + 491 = 3*r + 5*p, 4*r + s*p = 430. What is the tens digit of r?
0
Let h(l) be the first derivative of 6*l**2 - 113*l + 3. What is the hundreds digit of h(26)?
1
Suppose -51789 = 4*d + 12*a - 9*a, 0 = 2*d + 5*a + 25891. What is the units digit of (34/(-8))/(83/d)?
3
What is the ten thousands digit of 13365 + (15 - (-70)/(-7))?
1
Suppose 0 = 5*b + f + 3059 + 114, 5*f - 2550 = 4*b. Let y = -352 - b. What is the hundreds digit of y?
2
Let o(h) = -22*h**3 + 13*h**2 + 25*h + 209. What is the hundreds digit of o(-10)?
2
Let z(t) = 20*t**2 + 543*t - 565. What is the units digit of z(-67)?
4
Suppose -3*x = k - 10003, -k + 246*x = 243*x - 9997. What is the thousands digit of k?
0
Let r = 744 - 412. Let n = -27 + r. What is the tens digit of n?
0
Let j be 3776/20 + (0 - (-2)/10). Suppose 689 = 190*i - j*i. What is the units digit of i?
9
Let u = -353 + 1410. What is the units digit of u/4 - ((-135)/36 - -4)?
4
Let m be (-20)/20*0*(-2)/(-4). Suppose 88 = -2*b - m. Let x = b + 110. What is the units digit of x?
6
Let l = -57529 + 111215. What is the tens digit of l?
8
Suppose -24*b - 287787 = -1919835. What is the ten thousands digit of b?
6
Let t = 27380 + -16982. What is the thousands digit of t?
0
Let a(w) be the third derivative of -33*w**4/4 + 94*w**3/3 + 3*w**2 - 29. What is the hundreds digit of a(-6)?
3
Let d be 9/6*(-992)/31. Let p = 8 - d. What is the units digit of p?
6
Let i(f) = 2*f - 47. Let v be i(-10). Let x = v + 62. What is the units digit of (5 + x)/4 - -226?
6
Suppose 3748 + 6110 = r. What is the units digit of r/11 + 88/(-484)?
6
Suppose 5 = -5*f, 5*h = -4*f - 0*f - 394. Let z = 148 - h. What is the hundreds digit of z?
2
Let g(v) = v**3 + 3*v**2 - 2*v + 6. Let l be g(-3). Suppose 4*k - 3*r - 123 = -2*r, 0 = -4*r - l. What is the tens digit of (-5)/(k/6) + 73?
7
Let l(y) be the third derivative of -y**6/120 - 3*y**5/5 + 31*y**4/24 + 53*y**3/6 - 124*y**2. What is the tens digit of l(-37)?
7
Let c be 7107/(-27) + (-2)/(-9). Suppose u + 1165 = -25*u - 2371. Let h = u - c. What is the hundreds digit of h?
1
Let y(q) = q**3 + 2*q**2 - 15*q - 12. Let a(j) = -j**2 + j. Let l(t) = a(t) - y(t). Let m be l(-10). Suppose 0 = 12*d - 4*d - m. What is the tens digit of d?
6
Suppose 334495 = 92*f - 373721. What is the hundreds digit of f?
6
Let d(w) = w**3 + 16*w**2 + 20*w + 73. Let l be d(-15). What is the units digit of -2 - -8 - (-1392 + l/(-2))?
7
Suppose 3*l = -3*f + 39, 0 = 6*f - f + 2*l - 68. Let c be (-14)/28 - (-1)/(4/f). Suppose -3*u + 219 = 2*p, 3*p = -6*u + c*u + 330. What is the units digit of p?
1
Let h(w) be the second derivative of w**5/20 + 5*w**4/4 - 17*w**3/6 - 8*w**2 + 13*w. Let k be h(-16). Suppose k*m - 756 = -6*m. What is the units digit of m?
6
Let z(v) = 74*v - 2. Let y(g) be the first derivative of -147*g**2/2 + 3*g - 6. Let r(c) = 3*y(c) + 5*z(c). What is the units digit of r(-1)?
0
Let a = 44258 + -23070. What is the hundreds digit of a?
1
Suppose 146*h = 298*h - 168*h + 80976. What is the units digit of h?
1
Let l(c) = c**2 - 3*c - 25. Let t be l(15). Let i = t - 65. Suppose 5*k - i = 4*k. What is the units digit of k?
0
What is the hundreds digit of (-3999804)/152*(-3 - -1)?
6
Let q(o) = 31*o**2 - 113*o - 43. What is the thousands digit of q(18)?
7
Let b(k) = 571*k - 907. What is the hundreds digit of b(11)?
3
Let i be (-1)/((-2*3/15)/2). Suppose -16 = -i*f + 4. Suppose 4*d = f*a - 468, a = -a - 4*d + 258. What is the hundreds digit of a?
1
Suppose -4*m = -8 + 116. Let s = 262 - m. What is the tens digit of s?
8
Suppose 2*k = -5*l + 753 + 717, 286 = l + 2*k. What is the units digit of l?
6
Suppose -l + 9 = 15. What is the tens digit of (8/l)/(9/((-19224)/16))?
7
Let u = 7 - 17. Let f be (8/u)/(-1)*45/9. What is the tens digit of 398/f + (-9)/(-18)?
0
Let b = -20660 - -53074. Suppose -28*j + b = -9*j. What is the units digit of j?
6
What is the hundreds digit of 0 - 87803/(-2) - ((-2905)/(-70) + -39)?
8
What is the units digit of 276484/30 - (8/(-14))/((-240)/56)?
6
Suppose -154*m - 354781 = -9868593. What is the units digit of m?
8
Let v = -429 + 8053. What is the thousands digit of v?
7
Suppose -5*b + 2*i = -62093, 7*b - 5*b - 24818 = -4*i. What is the thousands digit of b?
2
Let c = -243 + 249. Suppose c*v - 679 = 371. What is the units digit of v?
5
What is the units digit of 25/225 + (-96298)/(-18)?
0
Let z be (-2)/(-5) - (63/(-5) + 1). Suppose 0 = -5*y + 3*y + z. Suppose -y*r - 304 = -10*r. What is the units digit of r?
6
Suppose -5*v = -10*v + 5*d + 375, 3*d + 149 = 2*v. What is the units digit of v?
6
Let j(z) = 16*z**3 - 7*z**2 + 6*z + 9. Let u be j(11). Let t be u/30 - 6/45. What is the tens digit of -8*(-1)/2*t/16?
7
Let x(g) = 37*g**2 - 11*g - 19. Suppose 6*k - 5*k + 2 = 0. What is the hundreds digit of x(k)?
1
Suppose 4*x - 17*g + 14*g - 3550 = 0, 4*g + 3552 = 4*x. What is the hundreds digit of x?
8
Let n(k) = 4*k**3 - 24*k**2 + 47*k - 30. What is the thousands digit of n(18)?
6
What is the tens digit of (30248/(-12))/(-19)*(-102)/(-4)?
8
What is the hundreds digit of 188556/68 + (-16)/(-136)?
7
Let s(z) = 8578*z + 2168. What is the thousands digit of s(4)?
6
Suppose 0 = 2*l - 5*y - 19166, 4*l = 20*y - 17*y + 38276. What is the tens digit of l?
6
Let h be ((-11)/(-66) - (-218)/24)*4. Let z be 0*5/(-10)*1. Suppose -x + z*o + h = -o, -4*x = 3*o - 155. What is the units digit of x?
8
Let w(a) = 2*a**2 + 38*a + 13. Let q be w(-21). Let j(u) = -5 - 4 - 12 - q*u. What is the tens digit of j(-3)?
7
Suppose -4*j = 4*r - 11440, 0 = -5*r + j - 4*j + 14308. What is the tens digit of r?
6
Suppose 63*i = 8*i - 134*i + 450576. What is the units digit of i?
4
Suppose -2*w + 434 = -i, -3*i - w = i + 1718. Let b = 1329 - i. What is the tens digit of b?
5
What is the tens digit of 7/(-182)*12 + 180979/13?
2
Let j = -3765 - -24302. What is the hundreds digit of j?
5
Let n be (4279/(-3) - 9/(-27)) + -6. Let z = 2210 + n. What is the units digit of z?
8
Let r(z) = 229*z - 163. What is the hundreds digit of r(40)?
9
Let t(k) = 3*k - 30. Let w be t(9). Let n be (w + 3 + 1)/((-2)/(-16)). Suppose n*i - 10*i + 144 = 0. What is the tens digit of i?
7
Let y = 128 - 90. Let d = -33 + y. Suppose -2*u + 256 = d*m, 0*u = 3*u - 5*m - 359. What is the tens digit of u?
2
Let n be (8 - 8)/((-3)/3). Suppose -3 = -p - n*p. What is the tens digit of -23*(1 - 6/p)?
2
Let d = 512 + -458. Suppose -d*l + 51*l + 2949 = 0. What is the tens digit of l?
8
Let v be -15*(1204/21 + -5). Let w = -368 - v. What is the tens digit of w?
1
Suppose 5*r - 458 = -4*n, 0 = 5*n - 3*n - r - 222. Suppose -t = -5*h - n, -7*t + 472 = -3*t + 4*h. What is the hundreds digit of t?
1
Suppose 53*y = 125*y - 576. Let a(b) = -5*b**3 + 6*b**2 + 22*b - 2. Let w(k) = -k**3 + k - 1. Let c(x) = a(x) - 4*w(x). What is the tens digit of c(y)?
1
What is the units digit of (42 - 44)/(6/(-28989)*3)?
1
Suppose b + 4 - 7 = 0. Suppose -4*w + 3*w + y = 0, -5*w + 4*y + 5 = 0. Suppose -5*s + 5*i = -b*s - 327, -w*i + 609 = 4*s. What is the hundreds digit of s?
1
Suppose 4*w - 4*u = 20, w + 0*u = -u + 13. Suppose -5*v = 2*d + w, -d - 3*v - 2 = -v. What is the units digit of (4 - 2)/d - (-184)/32?
6
Suppose 7*k = 3*k + 24. Let j = 2414 + -1694. Suppose -4*r + j = k*r. What is the tens digit of r?
7
Suppose 5*q = 2*j + 34708, 10*q - 7*q - 4*j = 20822. What is the tens digit of q?
4
Let u = -43 - -48. Suppose -30 + 15 = -u*k. Suppose 4*y + 328 = 3*z - z, 4*y = k*z - 482. What is the hundreds digit of z?
1
Suppose -132 = 3*u + 2*x + 71, 4*u + 276 = -4*x. What is the hundreds digit of (-765)/(-75)*u/(-3)?
2
Let r(k) = -13*k - 8. Let s(j) = -1. Let o(i) = 4*i - 6. Let c(w) = o(w) - 3*s(w). Let z be c(0). What is the units digit of r(z)?
1
Let c(p) = -p**2 + 11*p - 7. Let n be c(10). Suppose -2*v - n*v = -625. Suppose -5*m + 5*q + v = 0, -3*m = 3*q + 2*q - 83. What is the tens digit of m?
2
Let c = -620 - -745. Let g = c - -49. What is the units digit of g?
4
Suppose 3*p = 2 + 100. Suppose -5*m - 4*z + 139 = 0, -4*m - m = -3*z - 167. Let f = p - m. What is the units digit of f?
3
Suppose 0 = 4*s - a - 11845, -3*s + 2*a + 6961 + 1924 = 0. What is the tho